0*c - 19 + 69 = 0. Let m = c + 14. Let q = 14 - m. Let w(f) = -f**2 - 3*f + 1. What is w(q)?
-9
Let b(a) = 109 - 20*a - 91 - 238 - 353. Determine b(-29).
7
Let u(v) = -v**3 - 9*v**2 + 10*v - 4. Suppose -3*w + 72 = r, -5*r - 5 + 375 = 5*w. Let j = 75 - r. Suppose j = 3*i + 24 + 6. Determine u(i).
-4
Let a(n) = n - 4. Let b(s) = s**2 + 7*s + 8. Let u be b(-6). Let o be a(u). Let f(v) be the first derivative of -2*v**3/3 - 3*v**2/2 - v + 11. Calculate f(o).
-3
Suppose -5*y = -10*y + 4*w + 12, 15 = y - 5*w. Let h(l) be the third derivative of -l**4/24 - 9*l**3/2 + 4*l**2. Determine h(y).
-27
Let c(v) = -7*v - 35. Let i be c(-5). Suppose i = 7*u - 616 + 175. Let h = u + -68. Let a(d) = d + 6. What is a(h)?
1
Let n(i) = i**2 + i - 3. Let p(b) = -b**2 - 92*b - 1825. Let c be p(-29). Determine n(c).
3
Suppose -176*p = 1844 + 1324. Let a(w) = -4*w - 60. Give a(p).
12
Let r = -450 - -462. Let o(i) = -i + 13. Let m be o(r). Let t(u) = -17*u**2. What is t(m)?
-17
Let t be 1/((2 - 1)*-1). Let w(z) = -z**3 - 13*z**2 + z - 11. Let i(b) = -b**3 - 15*b**2 + b - 13. Let g(a) = -6*i(a) + 7*w(a). Determine g(t).
0
Let u(b) = -17*b**3 - 13*b**2 + 235*b + 26. Let f(y) = 8*y**3 + 6*y**2 - 109*y - 12. Let n(z) = -13*f(z) - 6*u(z). Give n(3).
-33
Let w(a) = 1019 - 509 - 510 + 65*a. Calculate w(1).
65
Let n(k) = -7*k**2 - 16*k - 11. Let h(l) = l**2 + 23*l + 10. Let o(z) = z**2 + 11*z + 5. Let j(v) = 3*h(v) - 7*o(v). Let y(g) = -5*j(g) + 3*n(g). Give y(-9).
-17
Let b(r) be the third derivative of 1/60*r**5 - 48*r**2 + 0*r - 5/24*r**4 + 5/6*r**3 + 0. What is b(4)?
1
Let t be 3 - 77/28 - (-35)/4. Let l(f) = -1 - 3 + 4*f + t - 7. Give l(3).
10
Let i(r) = -r**3 + 9*r**2 + r + 24. Suppose -260 = 1399*j - 1425*j. Give i(j).
-66
Suppose -3*g - d + 10 = 0, -51*g + 54*g + 4*d + 5 = 0. Let j(q) = 2*q**3 - 8*q**2 + 2*q + 3. Calculate j(g).
63
Let z(o) = -o**3 - 4*o**2 - 4*o - 2. Suppose -l - 3*m = 14, 18 = -2*l + 3*m - 4*m. Let b = -74 - l. Let x = -68 - b. Calculate z(x).
-2
Suppose 0 = -150*s - 139 - 70 + 59. Let y(n) be the third derivative of n**5/60 + n**3/2 - 4*n**2. Let o(v) be the first derivative of y(v). What is o(s)?
-2
Let u be (1 + 1 - 2) + -2. Let h be -2 - 1/(u/4). Let f(r) = 30*r - 35*r + 33*r + 12 - 27*r. Determine f(h).
12
Let z(v) = -v**3 - 7*v**2 - 7*v - 45. Let p be z(-7). Let g(s) = p - 2 - 222*s**2 + 216*s**2 - 7*s + s**3. Calculate g(6).
-40
Let u(v) be the third derivative of -v**5/12 + v**4/6 - 13*v**3/6 - 2*v**2 + 4*v. Let n(t) = 3*t**2 - 3*t + 9. Let g(k) = 8*n(k) + 5*u(k). Determine g(-5).
2
Let s(z) = -4*z**3 + 5*z**2 + 15*z + 9. Let a(g) = 3*g**3 - 6*g**2 - 14*g - 9. Let k(v) = -5*a(v) - 4*s(v). Let j be 9*(8/18 + 429/(-297)). Give k(j).
0
Let b(j) = -46 + 8*j**2 - 5*j**3 - 5*j + 37 + 4*j**3. Let y be b(7). Let p(k) = 6*k**2 - 8*k**2 + k**2 - 2 + 5*k. Determine p(y).
-2
Let s(t) = -37*t**2 + 27*t - 9. Let h(p) = 37*p**2 - 23*p + 8. Let g(b) = -6*h(b) - 5*s(b). Determine g(1).
-37
Let r(o) = -o - 1. Let x(z) = -124 + 73 - 20*z + 72 - z**2. Let h be x(-21). Give r(h).
-1
Let x(v) = -v**3 - 6*v**2 + 5*v - 21. Suppose 68*z + 1 = 65*z - 20. What is x(z)?
-7
Let k = -40 - -48. Let r(b) be the second derivative of 3/2*b**3 + 5/2*b**2 + 0 + 7/12*b**4 - 1/20*b**5 + b. Give r(k).
13
Let j(w) be the third derivative of 4*w**5/15 - 25*w**4/24 + 2*w**3/3 + 2*w**2 - 350*w + 1. Determine j(4).
160
Let j(n) = -n**2 - 4*n + 3. Let p = -62 - 140. Let h = p - -199. Determine j(h).
6
Let o(v) = v. Let b(g) = -g + 3. Let q be b(4). Let j(p) be the second derivative of 7*p**3/6 + 13*p**2/2 - 265*p. Let x(w) = q*j(w) + 6*o(w). Determine x(-8).
-5
Let r(h) = -h**3 + 2*h**2 + 2*h - 3. Suppose 2506 = -10*q - 514. Let p = q + 305. Calculate r(p).
-6
Let s(v) be the third derivative of 0*v + 1/24*v**4 - 1 - 15*v**2 + 1/120*v**6 - 2/3*v**3 - 7/60*v**5. What is s(7)?
3
Suppose 0 = -c - c + 2*k - 4, 2*k - 4 = -3*c. Suppose 4*f + 3*s = c, 5*s = 3*f - 0*f - 29. Let y(b) = -6*b**3 + b**2 + 4*b**3 - 7 + f*b**3. What is y(0)?
-7
Let k(i) = -10*i**3 + 2*i + i**3 - 14*i**3 - 95*i**2 + 94*i**2 + 1 + 1. What is k(-1)?
22
Let d(c) = c**3 + 20*c**2 + 11*c + 222. Suppose -r = j + 28, -1168*r + 1169*r = -8. What is d(j)?
2
Suppose 67 = 487*t - 484*t - 4*k, -5*k + 48 = 4*t. Let o(g) = -g**3 + 17*g**2 + 2*g - 41. What is o(t)?
-7
Let l(h) be the third derivative of 55*h**4/12 + 551*h**3/6 - 5388*h**2. Calculate l(-5).
1
Let h(z) = -6 - 2 + 2 - 9*z - 12 + 2. Determine h(-6).
38
Let c(o) = -o**2 - 4*o - 1. Let t be c(-5). Let b = 29 - 27. Let r(k) = -14*k - 11*k + 18*k + 6*k**b + k**3 - k**2. Calculate r(t).
6
Let f(p) be the second derivative of p**4/12 + 17*p**3/6 + 10*p**2 - 2*p + 525. Calculate f(-14).
-22
Let t(j) = 2*j**3 + 2. Let l(z) = 11*z**3 - 13*z**2 + 10*z + 21. Let d(w) = l(w) - 5*t(w). Suppose -22 = -8*c + 74. What is d(c)?
-13
Let s(y) = 3*y**2 - 31*y + 36. Let i be s(9). Let k(h) be the second derivative of 1/12*h**4 + 0*h**2 + i - 30*h - h**3. Determine k(6).
0
Let a(l) be the first derivative of -l**2 - 2*l + 2. Suppose -41*n - 376*n = 0. Calculate a(n).
-2
Suppose -5*b + 4*c + 68 = -b, -5*c = 2*b + 1. Let h = b + -10. Suppose 2*q + 5*z + 17 = -h*q, -z - 5 = 0. Let n(j) = -j**3 + 2*j**2 - 2*j - 1. Calculate n(q).
-5
Let n = 5 + -10. Let d = n - -5. Let t(p) be the third derivative of p**6/120 + p**5/60 + p**4/24 - 2*p**3/3 + 29156*p**2. Calculate t(d).
-4
Let q(b) = -63*b - 4 + 28 - 6 + 64*b. Suppose 17*j = 21*j + 48. Determine q(j).
6
Let f(o) = -o**3 + 4*o**2 + o + 8. Let b = 4434 - 4431. Give f(b).
20
Let f be 10/(-5)*(1 + -2). Let m(u) = -146*u**3 + 2*u - 10*u**f + 10*u + 145*u**3. What is m(-11)?
-11
Suppose -8*v - 32*v - 101 = 19. Let t(r) = 3*r - 2 - 5 - 3*r**2 + 4 - r**3. Give t(v).
-12
Let f = 514 - 497. Let q(d) = 91 + f*d + 2*d**2 - 48 - 41. What is q(-8)?
-6
Let z be -3 + -5 + 4 - -6. Let r(s) = 2*s**3 + 5*s**2 - 3*s**3 - 4 + 0 + z - 2*s. Determine r(4).
6
Suppose 39*v - 3000 = 15*v. Let c = 60 - 58. Let s(r) = -1 - 3*r + v*r**2 - 126*r**c - 1. Determine s(-2).
0
Let x(b) = 15 - 3147*b + 3160*b - 13 - 44. Give x(3).
-3
Suppose -2*b = -15*y + 17*y - 12, b = 2*y + 21. Let k(p) = p**2 - 12*p - 3. Give k(b).
-14
Let z(x) = 5*x**2 - 41*x - 12. Let m(j) = -j**2 + 7*j + 2. Let q(p) = 11*m(p) + 2*z(p). Calculate q(0).
-2
Suppose 0 = -47*r + 100*r - 683 - 536. Let k(n) = -3*n + 80. Calculate k(r).
11
Let y(p) be the third derivative of p**6/120 + 13*p**5/60 - p**4/8 - 2*p**3/3 + 515*p**2 + 2*p. What is y(-13)?
35
Let o be (3/(1 - 4))/((-1)/4). Let y(n) = -o*n - 6 + 1 - n - n - n**2. Suppose -25 + 10 = 3*q. What is y(q)?
0
Let d(k) = k**3 + 7*k**2 - k - 5. Let w(r) = r**2 + 93*r - 497. Let v be w(5). Determine d(v).
2
Let b(y) = -86*y + 267*y + 7 - y**3 - 2*y**2 - 181*y. Calculate b(-4).
39
Let a(h) be the third derivative of -h**4/24 + h**3/6 + 40*h**2. Let g(o) = o**3 - 4*o**2 - 7*o + 9. Let u(z) = 5*a(z) - g(z). Calculate u(3).
11
Let q = 23414 - 23420. Let v(c) = -3*c**2 - 21*c + 22. What is v(q)?
40
Let r be (-186)/(-15) + (-6)/15. Let n = -7 + r. Let h(q) = -2 + 0 + 5*q - 877*q**2 + 876*q**2 - 4. What is h(n)?
-6
Let j(n) = -17*n**3 - 60*n**2 - 85*n + 150. Let k(f) = -10*f**3 - 36*f**2 - 51*f + 90. Let x(a) = 7*j(a) - 12*k(a). What is x(-10)?
0
Suppose 3*k + 11 = 2*j + 51, 3*j + 3*k = -30. Let v(m) = 2*m**3 + 30*m**2 + 30*m + 29. Let y be v(j). Let o(a) = -2 + 2*a + 3*a**2 + 0*a**2 + 1. Calculate o(y).
4
Let n(w) = w**3 + 5*w**2 + 2. Let i be n(-5). Let k(s) = 6*s + 2 - 4*s + 8*s**i - 1. Suppose -j + 0 = -5*a + 1, 0 = a. What is k(j)?
7
Let n be (-2639)/(-455) - 2/(-10). Let a(y) = -2*y**2 + 14*y - 20. Give a(n).
-8
Let m be 15/80 + 21/(-112). Let s(h) = h**2 - 9. Give s(m).
-9
Let x(m) = 14 + 0*m + m**3 - m**2 + 0*m**2 + m. Suppose 11 = 4*d - 5*y, 2*d - 7 = 2*y - y. Suppose -t = 5*a - d, -4*a + 3 + 1 = t. Give x(a).
14
Let m be 8 + -15 + (-44)/(-2). Let f(y) = -y**3 + 14*y**2 + 16*y - 7. Determine f(m).
8
Let i(j) be the first derivative of j**4/4 - 5*j**2/2 + 7*j - 1517. Give i(-3).
-5
Let w(f) = 3*f**3 + 26*f**2 - 26*f + 27. Let z(l) = 4*l**3 + 26*l**2 - 26*l + 22. Let p(a) = 3*w(a) - 2*z(a). Give p(-27).
10
Let h(j) = 5*j**2 + 14*j + 9. Let i be (-7 - (-120)/18)*(0 - -18). Let a(n) = -4*n**2 - 12*n - 8. Let l(w) = i*a(w) - 5*h(w). Give l(5).
-12
Let r(y) = 18*y -